{"id":3,"date":"2023-04-27T12:59:24","date_gmt":"2023-04-27T10:59:24","guid":{"rendered":"http:\/\/es.lugrest.com\/?page_id=3"},"modified":"2026-01-15T10:19:25","modified_gmt":"2026-01-15T09:19:25","slug":"polityka-prywatnosci","status":"publish","type":"page","link":"https:\/\/es.lugrest.com\/?page_id=3","title":{"rendered":"Pol\u00edtica de Privacidad"},"content":{"rendered":"\n<p><strong>Informaci\u00f3n de procesamiento de datos personales de acuerdo con el RGPD por parte de LUGREST (en adelante, &#8220;LUGREST&#8221;, &#8220;Administrador&#8221;, &#8220;Nosotros&#8221; &#8220;nuestro&#8221;).<\/strong><\/p>\n\n\n\n<p>El Reglamento General de Protecci\u00f3n de Datos (UE) 2016\/679 (RGPD) es un reglamento de la legislaci\u00f3n de la UE sobre protecci\u00f3n de datos y privacidad en la Uni\u00f3n Europea (UE) y el Espacio Econ\u00f3mico Europeo (EEE).<\/p>\n\n\n\n<p>Le informamos que el administrador de sus datos personales es LUGREST. Procesamos sus datos personales para cumplir con las obligaciones legales que surgen del \u00e1mbito de nuestra actividad o debido a un contrato vinculante. Por ello, presentamos la informaci\u00f3n sobre el tratamiento de sus datos personales relacionada con el responsable del tratamiento de sus datos personales.<\/p>\n\n\n\n<p><strong>Finalidad y fundamentos jur\u00eddicos del tratamiento de datos:<\/strong><\/p>\n\n\n\n<p>Procesamos sus datos personales sobre la base del art\u00edculo 6 (1) (b) del RGPD, lo que significa que el procesamiento de datos personales es necesario para tomar medidas a su solicitud antes de celebrar un contrato (por ejemplo, presentar una oferta)<\/p>\n\n\n\n<p>Adem\u00e1s, sus datos personales se procesar\u00e1n sobre la base del art\u00edculo 6 (1) (c) del RGPD, es decir, para cumplir con las obligaciones legales que incumben al administrador de datos personales derivadas de las disposiciones legales a efectos fiscales y contables.<\/p>\n\n\n\n<p>Sus datos personales tambi\u00e9n se procesar\u00e1n sobre la base del art\u00edculo 6 (1) (c) del RGPD, es decir, para la ejecuci\u00f3n de los intereses leg\u00edtimos del administrador de datos personales, p. enviar ofertas de productos para realizar actividades de marketing directo (ventas, promociones, etc.).<\/p>\n\n\n\n<p><strong>Informaci\u00f3n sobre los destinatarios de sus datos personales o sus categor\u00edas: Sus datos personales podr\u00e1n ser transferidos a:<\/strong><\/p>\n\n\n\n<p>1) personas autorizadas que trabajan para o en nombre de LUGREST (por ejemplo, contrato de trabajo espec\u00edfico, contrato de pedido),<br>2) subcontratistas,<br>3) servicios de soporte y mantenimiento de TI,<br>4) bancos, oficinas de contabilidad, c\u00e1maras legales, servicios log\u00edsticos, servicios de adquisici\u00f3n,<br>5) \u00f3rganos gubernamentales (por ejemplo, oficinas de ingresos fiscales).<\/p>\n\n\n\n<p>Sus datos personales no ser\u00e1n transferidos a un tercer pa\u00eds o a una organizaci\u00f3n internacional.<\/p>\n\n\n\n<p><strong>Los datos personales ser\u00e1n tratados por los siguientes plazos:<\/strong><\/p>\n\n\n\n<p>Sus datos personales se procesar\u00e1n y almacenar\u00e1n durante el tiempo que sea necesario para cumplir con nuestras obligaciones contractuales y reglamentarias previstas en el c\u00f3dice civil, p. per\u00edodo requerido para mantener los registros de impuestos junto con la documentaci\u00f3n de respaldo requerida para las declaraciones de impuestos.<\/p>\n\n\n\n<p><strong>Las personas cuyos datos personales se procesan tienen los derechos correspondientes a:<\/strong><\/p>\n\n\n\n<p>1) exigir el acceso a los datos personales de las personas del Administrador,<br>2) solicitar la correcci\u00f3n (revisi\u00f3n), eliminaci\u00f3n y restricci\u00f3n del procesamiento de sus datos personales,<br>3) objetar el procesamiento o la solicitud de transferencia de sus datos personales,<br>4) a retirar su consentimiento en cualquier momento, sin embargo, la retirada del consentimiento no afectar\u00e1 la legalidad del procesamiento basado en el consentimiento antes de su retirada.<\/p>\n\n\n\n<p><strong>Las personas cuya transmisi\u00f3n de datos personales tiene derecho a presentar una queja ante el Presidente de la Oficina de Protecci\u00f3n de Datos Personales (POPDP):<\/strong><\/p>\n\n\n\n<p>Los datos personales proporcionados para la ejecuci\u00f3n de un contrato, y luego la transmisi\u00f3n de los datos personales, es una condici\u00f3n para celebrar un acuerdo. La negativa a facilitar los datos supondr\u00e1 la imposibilidad de realizar un contrato y su ejecuci\u00f3n por parte de LUGREST.<\/p>\n\n\n\n<p>Es requisito legal proporcionar los datos en la medida necesaria para cumplir con las obligaciones legales de LUGREST (por ejemplo, declaraci\u00f3n de impuestos). Tenga en cuenta que su negativa puede impedir que LUGREST cumpla con sus obligaciones legales.<\/p>\n\n\n\n<p><strong>Informaci\u00f3n sobre la toma de decisiones automatizada y el uso de datos para la elaboraci\u00f3n de perfiles:<\/strong><\/p>\n\n\n\n<p>Sus datos personales no se procesar\u00e1n autom\u00e1ticamente y no estar\u00e1n sujetos a la elaboraci\u00f3n de perfiles.<\/p>\n","protected":false},"excerpt":{"rendered":"<p>Informaci\u00f3n de procesamiento de datos personales de acuerdo con el RGPD por parte de LUGREST (en adelante, &#8220;LUGREST&#8221;, &#8220;Administrador&#8221;, &#8220;Nosotros&#8221; &#8220;nuestro&#8221;). El Reglamento General de Protecci\u00f3n de Datos (UE) 2016\/679 (RGPD) es un reglamento de la legislaci\u00f3n de la UE sobre protecci\u00f3n de datos y privacidad en la Uni\u00f3n Europea (UE) y el Espacio Econ\u00f3mico [&hellip;]<\/p>\n","protected":false},"author":1,"featured_media":0,"parent":0,"menu_order":0,"comment_status":"closed","ping_status":"open","template":"","meta":{"footnotes":""},"class_list":["post-3","page","type-page","status-publish","hentry"],"_links":{"self":[{"href":"https:\/\/es.lugrest.com\/index.php?rest_route=\/wp\/v2\/pages\/3","targetHints":{"allow":["GET"]}}],"collection":[{"href":"https:\/\/es.lugrest.com\/index.php?rest_route=\/wp\/v2\/pages"}],"about":[{"href":"https:\/\/es.lugrest.com\/index.php?rest_route=\/wp\/v2\/types\/page"}],"author":[{"embeddable":true,"href":"https:\/\/es.lugrest.com\/index.php?rest_route=\/wp\/v2\/users\/1"}],"replies":[{"embeddable":true,"href":"https:\/\/es.lugrest.com\/index.php?rest_route=%2Fwp%2Fv2%2Fcomments&post=3"}],"version-history":[{"count":5,"href":"https:\/\/es.lugrest.com\/index.php?rest_route=\/wp\/v2\/pages\/3\/revisions"}],"predecessor-version":[{"id":171,"href":"https:\/\/es.lugrest.com\/index.php?rest_route=\/wp\/v2\/pages\/3\/revisions\/171"}],"wp:attachment":[{"href":"https:\/\/es.lugrest.com\/index.php?rest_route=%2Fwp%2Fv2%2Fmedia&parent=3"}],"curies":[{"name":"wp","href":"https:\/\/api.w.org\/{rel}","templated":true}]}}